what is -256 - -3?
-253
In base 13, what is a39 - 3?
a36
In base 2, what is 0 - -11?
11
In base 15, what is 3 - -56?
59
In base 9, what is -10281 - 0?
-10281
In base 7, what is -5 - -33?
25
In base 16, what is -4 - 7?
-b
In base 5, what is 2221 + 10?
2231
In base 6, what is -155 - -225?
30
In base 6, what is -2 - -30?
24
In base 2, what is 111 + -10010?
-1011
In base 3, what is 12 + 1200?
1212
In base 11, what is -8 - -2?
-6
In base 13, what is 10b - 4?
107
In base 14, what is 14a9 + 1?
14aa
In base 15, what is -1d - 4b?
-69
In base 6, what is 1343 + -5?
1334
In base 4, what is -2 + 2203?
2201
In base 6, what is 10303 - 2?
10301
In base 6, what is -400 + 0?
-400
In base 7, what is -2140 - 5?
-2145
In base 14, what is 41 + -126?
-c5
In base 10, what is -108 + -2?
-110
In base 8, what is 17454 + -4?
17450
In base 14, what is -26 + 0?
-26
In base 3, what is -201 - -22012?
21111
In base 8, what is -1 - -470?
467
In base 2, what is 11 + 10011?
10110
In base 16, what is 5 + -519?
-514
In base 16, what is 3 + 6a7?
6aa
In base 2, what is 1 - -1000000111011?
1000000111100
In base 16, what is b - 91?
-86
In base 6, what is 0 - 1021?
-1021
In base 9, what is 4 + 207?
212
In base 6, what is -13112 + 5?
-13103
In base 6, what is -3 - 222?
-225
In base 3, what is -10 + 11?
1
In base 9, what is 5660 - 0?
5660
In base 8, what is 3 - -310?
313
In base 4, what is 103023 + 33?
103122
In base 3, what is -1 - 102?
-110
In base 15, what is -6e8 + 4?
-6e4
In base 14, what is -6913 - 0?
-6913
In base 7, what is -26 + -64?
-123
In base 4, what is -30 + 3110?
3020
In base 10, what is -2 - 87?
-89
In base 8, what is -4 + -166?
-172
In base 16, what is -5 + 3d0?
3cb
In base 2, what is 1001100 + 0?
1001100
In base 8, what is 67 + 175?
264
In base 3, what is 1212 + -211?
1001
In base 4, what is 133 + 1230?
2023
In base 15, what is 2cc - -1?
2cd
In base 6, what is 2211 - 2?
2205
In base 11, what is 5a - 13?
47
In base 8, what is 121 - -40?
161
In base 12, what is 30 + a?
3a
In base 2, what is -10 - 1010?
-1100
In base 11, what is -2a9 + -3?
-301
In base 9, what is 1 - -3572?
3573
In base 4, what is 2 + 30331?
30333
In base 12, what is 0 - 2a?
-2a
In base 16, what is 0 - 3f4?
-3f4
In base 13, what is -75 + -3?
-78
In base 4, what is -13 - -33302?
33223
In base 5, what is 1 + -14?
-13
In base 7, what is -1 + -365?
-366
In base 8, what is 0 - 17005?
-17005
In base 13, what is 6 - -4?
a
In base 4, what is 1201102 + 1?
1201103
In base 9, what is -40621 - -3?
-40617
In base 8, what is -2 + -326?
-330
In base 12, what is b2 + -6?
a8
In base 11, what is 35 - 88?
-53
In base 8, what is -24 - 3?
-27
In base 11, what is 271 + 5?
276
In base 12, what is 102 - 163?
-61
In base 8, what is -5 + 504?
477
In base 3, what is 11021 + 1?
11022
In base 3, what is 211101 + -211?
210120
In base 4, what is 1322 + -100?
1222
In base 5, what is 21 - 1012?
-441
In base 14, what is -639 - 3?
-63c
In base 11, what is -124 + 1a?
-105
In base 8, what is 614 - 64?
530
In base 16, what is 451c - -5?
4521
In base 2, what is 100 - 1011?
-111
In base 16, what is 29 - 5?
24
In base 4, what is 102 + -231?
-123
In base 16, what is -44 - -6?
-3e
In base 16, what is 104 + -1b?
e9
In base 8, what is -4 - -1007?
1003
In base 2, what is -111100101110011 + -10?
-111100101110101
In base 7, what is -13 - 330?
-343
In base 8, what is 16 + -55?
-37
In base 10, what is -252 - 11?
-263
In base 14, what is -7 + 22?
19
In base 4, what is 3 - -313?
322
In base 9, what is 1 + 2028?
2030
In base 13, what is 1c9 + -53?
176
In base 3, what is -1221022 - 1?
-1221100
In base 7, what is -611 - 46?
-660
In base 5, what is -4 - -303?
244
In base 13, what is -52b + 4?
-527
In base 10, what is -114 + -74?
-188
In base 7, what is 256 + 2?
261
In base 15, what is 6 - -23?
29
In base 4, what is 113120 - 11?
113103
In base 6, what is 121 - -20?
141
In base 14, what is 489 - a?
47d
In base 12, what is -78 - 5?
-81
In base 16, what is -1 + 63?
62
In base 11, what is 70 + 7?
77
In base 5, what is -23043 + 12?
-23031
In base 14, what is 5 + 9a?
a1
In base 15, what is 3 + 292c?
2930
In base 5, what is 212 + 23?
240
In base 11, what is 623 + -2?
621
In base 15, what is -4b - -4?
-47
In base 7, what is 2 + -4?
-2
In base 12, what is -10 - -690?
680
In base 14, what is -4b - -4?
-47
In base 15, what is -1b - 50?
-6b
In base 9, what is -3 + -113?
-116
In base 10, what is -622 - 8?
-630
In base 6, what is -3451 + 15?
-3432
In base 16, what is -2 - 7d?
-7f
In base 16, what is 4 - 2?
2
In base 6, what is 4 - -21015?
21023
In base 3, what is -20 + -10201?
-10221
In base 12, what is -a4 - 3b?
-123
In base 8, what is 62 + -454?
-372
In base 10, what is 34 - -3?
37
In base 8, what is 12073 + -5?
12066
In base 10, what is -1 + -2025?
-2026
In base 5, what is 32 + -211?
-124
In base 6, what is 31 + 4?
35
In base 8, what is -255 + -103?
-360
In base 16, what is 0 + c1?
c1
In base 3, what is -1201 - 1020?
-2221
In base 7, what is -1 + -6?
-10
In base 12, what is 4562 - -4?
4566
In base 8, what is -70 + -33?
-123
In base 8, what is 1240 + -4?
1234
In base 8, what is 603 - -5?
610
In base 15, what is 5 - -50?
55
In base 12, what is 16120 - 4?
16118
In base 15, what is -2261 + -4?
-2265
In base 14, what is 40 + 3?
43
In base 7, what is -3143 - -1?
-3142
In base 6, what is -3 + -2235?
-2242
In base 8, what is 4373 + 3?
4376
In base 14, what is 66a + 1?
66b
In base 15, what is -8 + -28?
-31
In base 12, what is -8 - -32?
26
In base 11, what is a - -14?
23
In base 16, what is 1e - c5?
-a7
In base 9, what is 1 + 16?
17
In base 13, what is 4 - -287?
28b
In base 8, what is -4621 + -3?
-4624
In base 5, what is 11 - 30?
-14
In base 13, what is 3a - 4?
36
In base 2, what is 10011 - 101100011?
-101010000
In base 12, what is -33 + 10?
-23
In base 7, what is -1 + 1253?
1252
In base 10, what is 0 + 368?
368
In base 7, what is 214 + 2?
216
In base 15, what is -5 + 4?
-1
In base 10, what is -13 + 78?
65
In base 15, what is -16d - d?
-17b
In base 10, what is -76 - -68?
-8
In base 16, what is -3 + 63?
60
In base 16, what is 1 - 38a?
-389
In base 15, what is -1a - 16?
-31
In base 5, what is -13 - -11023?
11010
In base 2, what is 0 + 11001110110?
11001110110
In base 16, what is 3 - 31?
-2e
In base 14, what is 467 + 9?
472
In base 12, what is 0 - 659?
-659
In base 14, what is -98 + 4?
-94
In base 10, what is 3243 - -2?
3245
In base 4, what is -1213232 + 10?
-1213222
In base 10, what is -127 + -4?
-131
In base 11, what is 2a - 5?
25
In base 13, what is c + -49a?
-48b
In base 3, what is -100112212 + 1?
-100112211
In base 16, what is -3 - -385?
382
In base 14, what is 9 + -22?
-17
In base 9, what is -418 - 1?
-420
In base 12, what is -3 - -825?
822
In base 2, what is 1010100 - -10?
1010110
In base 12, what is -14 - 142?
-156
In base 8, what is 0 + -1?
-1
In base 10, what is 115 + 4?
119
In base 13, what is 4 - -b8b?
b92
In base 10, what is 123 - 5?
118
In base 9, what is -2 + 136?
134
In base 15, what is 4 - 780?
-77b
In base 15, what is 13 - 3?
10
In base 8, what is -72 - -62?
-10
In base 6, what is -5202 + 2?
-5200
In base 11, what is 21 + -54?
-33
In base 9, what is -11 + 35?
24
In base 6, what is 15 + 315?
334
In base 14, what is -12 - -26d?
25b
In base 13, what is 2 + 9c1?
9c3
In base 8, what is 0 + -10?
-10
In base 15, what is 19 - -5?
1e
In base 13, what is 0 - -39?
39
In base 4, what is -12 + 213?
201
In base 4, what is -213 + -200?
-1013
In base 10, what is 3 - -257?
260
In base 5, what is 13322 - 4?
13313
In base 15, what is 21 + 1?
22
In base 5, what is 13132 + 0?
13132
In base 13, what is -4 - -39?
35
In base 4, what is -103 + -111303?
-112012
In base 3, what is 1002012 + -1?
1002011
In base 9, what is -1 - 870?
-871
In base 6, what is -14 + 42?
24
In base 12, what is -544 + -5?
-549
In base 5, what is 3 - 3131?
-3123
In base 16, what is -fe - -c?
-f2
In base 15, what is -2 + e2?
e0
In base 15, what is -5 - a38?
-a3d
In base 8, what is 20 - -13?
33
In base 14, what is 3 + -492?
-48d
In base 15, what is -4 + 37?
33
In base 2, what is 10000010 - 100?
1111110
In base 10, what is 5 + 426?
431
In base 2, what is 1 + 1011010000?
1011010001
In base 16, what is -53f + 2?
-53d
In base 13, what is -293 - 3?
-296
In base 2, what is -1111 + -1100?
-11011
In base 16, what is -4 - c5?